 factors of 2113?
2113
What are the prime factors of 12714?
2, 3, 13, 163
List the prime factors of 4037.
11, 367
What are the prime factors of 6470?
2, 5, 647
What are the prime factors of 15807?
3, 11, 479
List the prime factors of 82973.
11, 19, 397
What are the prime factors of 1045?
5, 11, 19
List the prime factors of 960.
2, 3, 5
List the prime factors of 6926.
2, 3463
What are the prime factors of 191?
191
List the prime factors of 39380.
2, 5, 11, 179
What are the prime factors of 1055?
5, 211
List the prime factors of 10220.
2, 5, 7, 73
List the prime factors of 27848.
2, 59
List the prime factors of 103823.
47
What are the prime factors of 46520?
2, 5, 1163
What are the prime factors of 2907?
3, 17, 19
What are the prime factors of 30212?
2, 7, 13, 83
List the prime factors of 1031.
1031
What are the prime factors of 1804?
2, 11, 41
What are the prime factors of 24012?
2, 3, 23, 29
What are the prime factors of 300?
2, 3, 5
What are the prime factors of 941?
941
What are the prime factors of 2132?
2, 13, 41
What are the prime factors of 845?
5, 13
List the prime factors of 4705.
5, 941
What are the prime factors of 611?
13, 47
List the prime factors of 56996.
2, 14249
What are the prime factors of 22629?
3, 19, 397
List the prime factors of 35052.
2, 3, 23, 127
List the prime factors of 4035.
3, 5, 269
What are the prime factors of 30758?
2, 7, 13
List the prime factors of 111997.
111997
List the prime factors of 1465.
5, 293
List the prime factors of 3596.
2, 29, 31
List the prime factors of 2292.
2, 3, 191
List the prime factors of 98425.
5, 31, 127
What are the prime factors of 2215?
5, 443
List the prime factors of 951.
3, 317
List the prime factors of 8761.
8761
What are the prime factors of 1814?
2, 907
List the prime factors of 35089.
35089
List the prime factors of 17023.
29, 587
What are the prime factors of 77781?
3, 11, 2357
What are the prime factors of 4887?
3, 181
What are the prime factors of 4710?
2, 3, 5, 157
What are the prime factors of 6036?
2, 3, 503
What are the prime factors of 123261?
3, 181, 227
What are the prime factors of 212?
2, 53
List the prime factors of 3601.
13, 277
What are the prime factors of 1081?
23, 47
List the prime factors of 8977.
47, 191
List the prime factors of 968.
2, 11
List the prime factors of 32494.
2, 7, 11, 211
List the prime factors of 515.
5, 103
List the prime factors of 179.
179
What are the prime factors of 313?
313
List the prime factors of 16992.
2, 3, 59
What are the prime factors of 2078?
2, 1039
List the prime factors of 198.
2, 3, 11
List the prime factors of 648.
2, 3
What are the prime factors of 122?
2, 61
List the prime factors of 919.
919
List the prime factors of 28675.
5, 31, 37
What are the prime factors of 1343?
17, 79
List the prime factors of 1244.
2, 311
List the prime factors of 1258.
2, 17, 37
What are the prime factors of 28015?
5, 13, 431
List the prime factors of 1438.
2, 719
List the prime factors of 42309.
3, 1567
List the prime factors of 49.
7
List the prime factors of 2210.
2, 5, 13, 17
List the prime factors of 58415.
5, 7, 1669
List the prime factors of 705.
3, 5, 47
What are the prime factors of 359?
359
List the prime factors of 1010.
2, 5, 101
What are the prime factors of 36304?
2, 2269
List the prime factors of 1204.
2, 7, 43
List the prime factors of 319.
11, 29
What are the prime factors of 952?
2, 7, 17
What are the prime factors of 1934?
2, 967
What are the prime factors of 39864?
2, 3, 11, 151
What are the prime factors of 935?
5, 11, 17
What are the prime factors of 43220?
2, 5, 2161
List the prime factors of 32784.
2, 3, 683
List the prime factors of 3714.
2, 3, 619
List the prime factors of 750.
2, 3, 5
List the prime factors of 3723.
3, 17, 73
List the prime factors of 2574.
2, 3, 11, 13
What are the prime factors of 13211?
11, 1201
List the prime factors of 38380.
2, 5, 19, 101
What are the prime factors of 274?
2, 137
List the prime factors of 33953.
19, 1787
What are the prime factors of 7635?
3, 5, 509
List the prime factors of 3847.
3847
List the prime factors of 76037.
13, 5849
List the prime factors of 2753.
2753
List the prime factors of 2324.
2, 7, 83
List the prime factors of 40960.
2, 5
List the prime factors of 1167.
3, 389
What are the prime factors of 23314?
2, 11657
What are the prime factors of 3743?
19, 197
List the prime factors of 2864.
2, 179
List the prime factors of 22091.
22091
What are the prime factors of 9593?
53, 181
What are the prime factors of 3805?
5, 761
What are the prime factors of 314?
2, 157
What are the prime factors of 10178?
2, 7, 727
List the prime factors of 5384.
2, 673
List the prime factors of 594.
2, 3, 11
What are the prime factors of 795?
3, 5, 53
List the prime factors of 807.
3, 269
List the prime factors of 74804.
2, 18701
What are the prime factors of 30064?
2, 1879
List the prime factors of 59966.
2, 29983
What are the prime factors of 17706?
2, 3, 13, 227
List the prime factors of 39601.
199
List the prime factors of 2079.
3, 7, 11
What are the prime factors of 61823?
211, 293
What are the prime factors of 106201?
61, 1741
List the prime factors of 34244.
2, 7, 1223
List the prime factors of 147152.
2, 17, 541
What are the prime factors of 51144?
2, 3, 2131
What are the prime factors of 5190?
2, 3, 5, 173
What are the prime factors of 169408?
2, 2647
List the prime factors of 2153.
2153
What are the prime factors of 1095?
3, 5, 73
What are the prime factors of 10310?
2, 5, 1031
List the prime factors of 6915.
3, 5, 461
List the prime factors of 1888.
2, 59
List the prime factors of 19351.
37, 523
List the prime factors of 392.
2, 7
List the prime factors of 780.
2, 3, 5, 13
What are the prime factors of 1064?
2, 7, 19
What are the prime factors of 31028?
2, 7757
What are the prime factors of 842?
2, 421
List the prime factors of 8219.
8219
List the prime factors of 3180.
2, 3, 5, 53
What are the prime factors of 39439?
39439
List the prime factors of 127461.
3, 42487
List the prime factors of 5987.
5987
What are the prime factors of 4173?
3, 13, 107
List the prime factors of 60255.
3, 5, 13, 103
What are the prime factors of 37?
37
List the prime factors of 4065.
3, 5, 271
What are the prime factors of 3829?
7, 547
What are the prime factors of 51117?
3, 11, 1549
What are the prime factors of 3934?
2, 7, 281
What are the prime factors of 1128?
2, 3, 47
What are the prime factors of 36674?
2, 11, 1667
What are the prime factors of 32070?
2, 3, 5, 1069
What are the prime factors of 122853?
3, 31, 1321
What are the prime factors of 18464?
2, 577
What are the prime factors of 12636?
2, 3, 13
List the prime factors of 13562.
2, 6781
List the prime factors of 15438.
2, 3, 31, 83
List the prime factors of 6249.
3, 2083
List the prime factors of 25721.
17, 89
What are the prime factors of 4425?
3, 5, 59
What are the prime factors of 14599?
13, 1123
What are the prime factors of 2467?
2467
List the prime factors of 3985.
5, 797
List the prime factors of 4586.
2, 2293
List the prime factors of 4452.
2, 3, 7, 53
What are the prime factors of 402?
2, 3, 67
What are the prime factors of 39727?
39727
List the prime factors of 995.
5, 199
What are the prime factors of 3869?
53, 73
List the prime factors of 36802.
2, 18401
What are the prime factors of 542?
2, 271
List the prime factors of 47458.
2, 61, 389
List the prime factors of 4061.
31, 131
List the prime factors of 11647.
19, 613
List the prime factors of 10062.
2, 3, 13, 43
List the prime factors of 87071.
87071
What are the prime factors of 3180?
2, 3, 5, 53
List the prime factors of 6292.
2, 11, 13
List the prime factors of 11862.
2, 3, 659
List the prime factors of 3874.
2, 13, 149
List the prime factors of 108586.
2, 54293
List the prime factors of 3477.
3, 19, 61
What are the prime factors of 13983?
3, 59, 79
List the prime factors of 865.
5, 173
List the prime factors of 7888.
2, 17, 29
What are the prime factors of 7196?
2, 7, 257
List the prime factors of 82250.
2, 5, 7, 47
What are the prime factors of 54292?
2, 7, 277
List the prime factors of 4310.
2, 5, 431
What are the prime factors of 59953?
167, 359
What are the prime factors of 18001?
47, 383
What are the prime factors of 1718?
2, 859
List the prime factors of 111707.
